{"id":8,"date":"2011-07-21T10:04:37","date_gmt":"2011-07-21T10:04:37","guid":{"rendered":"http:\/\/pregonero.de\/?page_id=8"},"modified":"2023-06-04T15:42:36","modified_gmt":"2023-06-04T13:42:36","slug":"welcome","status":"publish","type":"page","link":"http:\/\/pregonero.de\/","title":{"rendered":"Willkommen"},"content":{"rendered":"<p>Willkommen auf Pregonero! Hier finden Sie Informationen, die n\u00fctzlich aber uninteressant sind und andere, die\u00a0 interessant, aber nutzlos sind. Sie haben die Wahl. Wenn Sie nur mal einen Vorgeschmack bekommen wollen, probieren Sie es mal mit <a title=\"Trivialities\" href=\"http:\/\/pregonero.de\/?page_id=3616\">Trivialities.<\/a> Die meisten Leser m\u00f6gen ein wenig davon und einige wenige das meiste davon.<\/p>\n<p>Diese Website ist aus meiner Website bei der Uni Trier hervorgegangen, und das hallt an der einen oder anderen Stelle noch nach, u.a. dadurch, dass viele Eintr\u00e4ge auf Englisch sind. Obwohl diese Website eine Art Sammelsurium ist, gibt es doch einen Schwerpunkt: Sprache(n). Wer da was sucht, der wird finden.<\/p>\n<p>Die Photos in der oberen Reihe zeigen eine Teeplantage in Malaysia, ein Blick von dem Balkon meiner Wohnung in Trier, eine Blume in Mexiko, eine Winterszene von einer Fahrt in meine Heimatstadt, eine n\u00e4chtliche Szene in einer Stra\u00dfe in Santo Domingo und eine Lichterschau in Barcelona.<\/p>\n<p>Mein Dank gilt Bernhard Wahl, David Schommer und David Philippi, im Gegensatz zu mir keine digitalen Analphabeten, die\u00a0 verschiedene \u00e4ltere Versionen dieser Website zurechtstutzten. Besonderer Dank gilt Hypathia und ihrem ukrainischen &#8220;Mann f\u00fcr alle F\u00e4lle&#8221;.<\/p>\n","protected":false},"excerpt":{"rendered":"<p>Willkommen auf Pregonero! Hier finden Sie Informationen, die n\u00fctzlich aber uninteressant sind und andere, die\u00a0 interessant, aber nutzlos sind. Sie haben die Wahl. Wenn Sie nur mal einen Vorgeschmack bekommen wollen, probieren Sie es mal mit Trivialities. Die meisten Leser &hellip; <a href=\"http:\/\/pregonero.de\/\">Continue reading <span class=\"meta-nav\">&rarr;<\/span><\/a><\/p>\n","protected":false},"author":1,"featured_media":1010,"parent":0,"menu_order":0,"comment_status":"closed","ping_status":"closed","template":"","meta":{"footnotes":""},"_links":{"self":[{"href":"http:\/\/pregonero.de\/index.php?rest_route=\/wp\/v2\/pages\/8"}],"collection":[{"href":"http:\/\/pregonero.de\/index.php?rest_route=\/wp\/v2\/pages"}],"about":[{"href":"http:\/\/pregonero.de\/index.php?rest_route=\/wp\/v2\/types\/page"}],"author":[{"embeddable":true,"href":"http:\/\/pregonero.de\/index.php?rest_route=\/wp\/v2\/users\/1"}],"replies":[{"embeddable":true,"href":"http:\/\/pregonero.de\/index.php?rest_route=%2Fwp%2Fv2%2Fcomments&post=8"}],"version-history":[{"count":46,"href":"http:\/\/pregonero.de\/index.php?rest_route=\/wp\/v2\/pages\/8\/revisions"}],"predecessor-version":[{"id":11504,"href":"http:\/\/pregonero.de\/index.php?rest_route=\/wp\/v2\/pages\/8\/revisions\/11504"}],"wp:featuredmedia":[{"embeddable":true,"href":"http:\/\/pregonero.de\/index.php?rest_route=\/wp\/v2\/media\/1010"}],"wp:attachment":[{"href":"http:\/\/pregonero.de\/index.php?rest_route=%2Fwp%2Fv2%2Fmedia&parent=8"}],"curies":[{"name":"wp","href":"https:\/\/api.w.org\/{rel}","templated":true}]}}